{"id":1499,"date":"2022-06-09T05:05:04","date_gmt":"2022-06-09T05:05:04","guid":{"rendered":"https:\/\/maislean.pt\/?post_type=product&#038;p=1499"},"modified":"2022-06-13T18:39:08","modified_gmt":"2022-06-13T18:39:08","slug":"simulacao-fabrica-de-pistolas-lego","status":"publish","type":"product","link":"https:\/\/maislean.pt\/?product=simulacao-fabrica-de-pistolas-lego","title":{"rendered":"Simula\u00e7\u00e3o &#8211; F\u00e1brica das Pistolas Lego\u200b"},"content":{"rendered":"","protected":false},"excerpt":{"rendered":"","protected":false},"featured_media":778,"comment_status":"open","ping_status":"closed","template":"","meta":{"spay_email":""},"product_cat":[24],"product_tag":[],"class_list":{"0":"post-1499","1":"product","2":"type-product","3":"status-publish","4":"has-post-thumbnail","6":"product_cat-produto","8":"first","9":"instock","10":"taxable","11":"shipping-taxable","12":"purchasable","13":"product-type-simple"},"yoast_head":"<!-- This site is optimized with the Yoast SEO plugin v19.1 - https:\/\/yoast.com\/wordpress\/plugins\/seo\/ -->\n<title>Simula\u00e7\u00e3o - F\u00e1brica das Pistolas Lego\u200b -<\/title>\n<meta name=\"robots\" content=\"index, follow, max-snippet:-1, max-image-preview:large, max-video-preview:-1\" \/>\n<link rel=\"canonical\" href=\"https:\/\/maislean.pt\/?product=simulacao-fabrica-de-pistolas-lego\" \/>\n<meta property=\"og:locale\" content=\"pt_PT\" \/>\n<meta property=\"og:type\" content=\"article\" \/>\n<meta property=\"og:title\" content=\"Simula\u00e7\u00e3o - F\u00e1brica das Pistolas Lego\u200b -\" \/>\n<meta property=\"og:url\" content=\"https:\/\/maislean.pt\/?product=simulacao-fabrica-de-pistolas-lego\" \/>\n<meta property=\"article:publisher\" content=\"https:\/\/www.facebook.com\/maislean\/\" \/>\n<meta property=\"article:modified_time\" content=\"2022-06-13T18:39:08+00:00\" \/>\n<meta name=\"twitter:card\" content=\"summary_large_image\" \/>\n<meta name=\"twitter:image\" content=\"https:\/\/maislean.pt\/wp-content\/uploads\/2022\/03\/Pistolas_Lego_2.jpg\" \/>\n<script type=\"application\/ld+json\" class=\"yoast-schema-graph\">{\"@context\":\"https:\/\/schema.org\",\"@graph\":[{\"@type\":\"Organization\",\"@id\":\"https:\/\/maislean.pt\/#organization\",\"name\":\"MaisLean\",\"url\":\"https:\/\/maislean.pt\/\",\"sameAs\":[\"https:\/\/www.instagram.com\/maislean.pt\/\",\"https:\/\/www.facebook.com\/maislean\/\"],\"logo\":{\"@type\":\"ImageObject\",\"inLanguage\":\"pt-PT\",\"@id\":\"https:\/\/maislean.pt\/#\/schema\/logo\/image\/\",\"url\":\"https:\/\/maislean.pt\/wp-content\/uploads\/2022\/02\/logo-final-01.png\",\"contentUrl\":\"https:\/\/maislean.pt\/wp-content\/uploads\/2022\/02\/logo-final-01.png\",\"width\":5906,\"height\":2363,\"caption\":\"MaisLean\"},\"image\":{\"@id\":\"https:\/\/maislean.pt\/#\/schema\/logo\/image\/\"}},{\"@type\":\"WebSite\",\"@id\":\"https:\/\/maislean.pt\/#website\",\"url\":\"https:\/\/maislean.pt\/\",\"name\":\"\",\"description\":\"\",\"publisher\":{\"@id\":\"https:\/\/maislean.pt\/#organization\"},\"potentialAction\":[{\"@type\":\"SearchAction\",\"target\":{\"@type\":\"EntryPoint\",\"urlTemplate\":\"https:\/\/maislean.pt\/?s={search_term_string}\"},\"query-input\":\"required name=search_term_string\"}],\"inLanguage\":\"pt-PT\"},{\"@type\":\"ImageObject\",\"inLanguage\":\"pt-PT\",\"@id\":\"https:\/\/maislean.pt\/?product=simulacao-fabrica-de-pistolas-lego#primaryimage\",\"url\":\"https:\/\/maislean.pt\/wp-content\/uploads\/2022\/03\/Pistolas_Lego_2.jpg\",\"contentUrl\":\"https:\/\/maislean.pt\/wp-content\/uploads\/2022\/03\/Pistolas_Lego_2.jpg\",\"width\":4624,\"height\":3468},{\"@type\":\"WebPage\",\"@id\":\"https:\/\/maislean.pt\/?product=simulacao-fabrica-de-pistolas-lego#webpage\",\"url\":\"https:\/\/maislean.pt\/?product=simulacao-fabrica-de-pistolas-lego\",\"name\":\"Simula\u00e7\u00e3o - F\u00e1brica das Pistolas Lego\u200b -\",\"isPartOf\":{\"@id\":\"https:\/\/maislean.pt\/#website\"},\"primaryImageOfPage\":{\"@id\":\"https:\/\/maislean.pt\/?product=simulacao-fabrica-de-pistolas-lego#primaryimage\"},\"datePublished\":\"2022-06-09T05:05:04+00:00\",\"dateModified\":\"2022-06-13T18:39:08+00:00\",\"breadcrumb\":{\"@id\":\"https:\/\/maislean.pt\/?product=simulacao-fabrica-de-pistolas-lego#breadcrumb\"},\"inLanguage\":\"pt-PT\",\"potentialAction\":[{\"@type\":\"ReadAction\",\"target\":[\"https:\/\/maislean.pt\/?product=simulacao-fabrica-de-pistolas-lego\"]}]},{\"@type\":\"BreadcrumbList\",\"@id\":\"https:\/\/maislean.pt\/?product=simulacao-fabrica-de-pistolas-lego#breadcrumb\",\"itemListElement\":[{\"@type\":\"ListItem\",\"position\":1,\"name\":\"Home\",\"item\":\"https:\/\/maislean.pt\/\"},{\"@type\":\"ListItem\",\"position\":2,\"name\":\"Products\",\"item\":\"https:\/\/maislean.pt\/?post_type=product\"},{\"@type\":\"ListItem\",\"position\":3,\"name\":\"Simula\u00e7\u00e3o &#8211; F\u00e1brica das Pistolas Lego\u200b\"}]}]}<\/script>\n<!-- \/ Yoast SEO plugin. -->","yoast_head_json":{"title":"Simula\u00e7\u00e3o - F\u00e1brica das Pistolas Lego\u200b -","robots":{"index":"index","follow":"follow","max-snippet":"max-snippet:-1","max-image-preview":"max-image-preview:large","max-video-preview":"max-video-preview:-1"},"canonical":"https:\/\/maislean.pt\/?product=simulacao-fabrica-de-pistolas-lego","og_locale":"pt_PT","og_type":"article","og_title":"Simula\u00e7\u00e3o - F\u00e1brica das Pistolas Lego\u200b -","og_url":"https:\/\/maislean.pt\/?product=simulacao-fabrica-de-pistolas-lego","article_publisher":"https:\/\/www.facebook.com\/maislean\/","article_modified_time":"2022-06-13T18:39:08+00:00","twitter_card":"summary_large_image","twitter_image":"https:\/\/maislean.pt\/wp-content\/uploads\/2022\/03\/Pistolas_Lego_2.jpg","schema":{"@context":"https:\/\/schema.org","@graph":[{"@type":"Organization","@id":"https:\/\/maislean.pt\/#organization","name":"MaisLean","url":"https:\/\/maislean.pt\/","sameAs":["https:\/\/www.instagram.com\/maislean.pt\/","https:\/\/www.facebook.com\/maislean\/"],"logo":{"@type":"ImageObject","inLanguage":"pt-PT","@id":"https:\/\/maislean.pt\/#\/schema\/logo\/image\/","url":"https:\/\/maislean.pt\/wp-content\/uploads\/2022\/02\/logo-final-01.png","contentUrl":"https:\/\/maislean.pt\/wp-content\/uploads\/2022\/02\/logo-final-01.png","width":5906,"height":2363,"caption":"MaisLean"},"image":{"@id":"https:\/\/maislean.pt\/#\/schema\/logo\/image\/"}},{"@type":"WebSite","@id":"https:\/\/maislean.pt\/#website","url":"https:\/\/maislean.pt\/","name":"","description":"","publisher":{"@id":"https:\/\/maislean.pt\/#organization"},"potentialAction":[{"@type":"SearchAction","target":{"@type":"EntryPoint","urlTemplate":"https:\/\/maislean.pt\/?s={search_term_string}"},"query-input":"required name=search_term_string"}],"inLanguage":"pt-PT"},{"@type":"ImageObject","inLanguage":"pt-PT","@id":"https:\/\/maislean.pt\/?product=simulacao-fabrica-de-pistolas-lego#primaryimage","url":"https:\/\/maislean.pt\/wp-content\/uploads\/2022\/03\/Pistolas_Lego_2.jpg","contentUrl":"https:\/\/maislean.pt\/wp-content\/uploads\/2022\/03\/Pistolas_Lego_2.jpg","width":4624,"height":3468},{"@type":"WebPage","@id":"https:\/\/maislean.pt\/?product=simulacao-fabrica-de-pistolas-lego#webpage","url":"https:\/\/maislean.pt\/?product=simulacao-fabrica-de-pistolas-lego","name":"Simula\u00e7\u00e3o - F\u00e1brica das Pistolas Lego\u200b -","isPartOf":{"@id":"https:\/\/maislean.pt\/#website"},"primaryImageOfPage":{"@id":"https:\/\/maislean.pt\/?product=simulacao-fabrica-de-pistolas-lego#primaryimage"},"datePublished":"2022-06-09T05:05:04+00:00","dateModified":"2022-06-13T18:39:08+00:00","breadcrumb":{"@id":"https:\/\/maislean.pt\/?product=simulacao-fabrica-de-pistolas-lego#breadcrumb"},"inLanguage":"pt-PT","potentialAction":[{"@type":"ReadAction","target":["https:\/\/maislean.pt\/?product=simulacao-fabrica-de-pistolas-lego"]}]},{"@type":"BreadcrumbList","@id":"https:\/\/maislean.pt\/?product=simulacao-fabrica-de-pistolas-lego#breadcrumb","itemListElement":[{"@type":"ListItem","position":1,"name":"Home","item":"https:\/\/maislean.pt\/"},{"@type":"ListItem","position":2,"name":"Products","item":"https:\/\/maislean.pt\/?post_type=product"},{"@type":"ListItem","position":3,"name":"Simula\u00e7\u00e3o &#8211; F\u00e1brica das Pistolas Lego\u200b"}]}]}},"_links":{"self":[{"href":"https:\/\/maislean.pt\/index.php?rest_route=\/wp\/v2\/product\/1499","targetHints":{"allow":["GET"]}}],"collection":[{"href":"https:\/\/maislean.pt\/index.php?rest_route=\/wp\/v2\/product"}],"about":[{"href":"https:\/\/maislean.pt\/index.php?rest_route=\/wp\/v2\/types\/product"}],"replies":[{"embeddable":true,"href":"https:\/\/maislean.pt\/index.php?rest_route=%2Fwp%2Fv2%2Fcomments&post=1499"}],"wp:featuredmedia":[{"embeddable":true,"href":"https:\/\/maislean.pt\/index.php?rest_route=\/wp\/v2\/media\/778"}],"wp:attachment":[{"href":"https:\/\/maislean.pt\/index.php?rest_route=%2Fwp%2Fv2%2Fmedia&parent=1499"}],"wp:term":[{"taxonomy":"product_cat","embeddable":true,"href":"https:\/\/maislean.pt\/index.php?rest_route=%2Fwp%2Fv2%2Fproduct_cat&post=1499"},{"taxonomy":"product_tag","embeddable":true,"href":"https:\/\/maislean.pt\/index.php?rest_route=%2Fwp%2Fv2%2Fproduct_tag&post=1499"}],"curies":[{"name":"wp","href":"https:\/\/api.w.org\/{rel}","templated":true}]}}